{"id":1298,"date":"2023-11-09T15:07:45","date_gmt":"2023-11-09T12:07:45","guid":{"rendered":"https:\/\/emintekstil.com.tr\/?post_type=product&#038;p=1298"},"modified":"2023-11-09T15:08:54","modified_gmt":"2023-11-09T12:08:54","slug":"deco-milano-pamuk-saten-12","status":"publish","type":"product","link":"https:\/\/emintekstil.com.tr\/index.php\/urun\/deco-milano-pamuk-saten-12\/","title":{"rendered":"Deco Milano Pamuk Saten"},"content":{"rendered":"<ul>\n<li>83 tel 210 tc 40\/1 compact penye<\/li>\n<li>240 cm en<\/li>\n<li>Toplar 30 metre tambur haldedir<\/li>\n<li>Toptan sat\u0131\u015f i\u00e7in ileti\u015fime ge\u00e7iniz<\/li>\n<li>\u0130pek Gibi Parlak Y\u00fczey: Saten dokuma tekni\u011fi, kuma\u015f\u0131n y\u00fczeyine hafif parlakl\u0131k kazand\u0131r\u0131r. Bu parlakl\u0131k, kuma\u015f\u0131 \u015f\u0131k ve zarif bir g\u00f6r\u00fcn\u00fcme kavu\u015fturur.<\/li>\n<li>Yumu\u015fak ve P\u00fcr\u00fczs\u00fcz Dokunu\u015f: Pamuk ipliklerinden \u00fcretildi\u011fi i\u00e7in pamuk saten kuma\u015f, yumu\u015fak ve p\u00fcr\u00fczs\u00fcz bir dokuya sahiptir. Bu \u00f6zelli\u011fi, kuma\u015f\u0131n cilt dostu ve rahat bir kullan\u0131m sa\u011flamas\u0131n\u0131 sa\u011flar.<\/li>\n<li>Hafif ve Serin Tutma: Pamuk kuma\u015f\u0131n do\u011fal \u00f6zelli\u011fi olan nefes alabilirlik, pamuk saten kuma\u015fta da mevcuttur. Bu \u00f6zellik sayesinde kuma\u015f, v\u00fccut \u0131s\u0131s\u0131n\u0131 dengeleyerek serin tutma \u00f6zelli\u011fi sunar.<\/li>\n<li>Neme Kar\u015f\u0131 Dayan\u0131kl\u0131l\u0131k: Pamuk, su emme ve nem direnci a\u00e7\u0131s\u0131ndan iyi bir performans g\u00f6sterir. Bu sayede, pamuk saten kuma\u015f, neme kar\u015f\u0131 dayan\u0131kl\u0131l\u0131k g\u00f6sterir ve kolayca kurur.<\/li>\n<li>Kolay Bak\u0131m ve Y\u0131kama: Pamuk saten kuma\u015f, genellikle makinede y\u0131kanabilir ve kolayca bak\u0131m\u0131 yap\u0131labilir. \u00dct\u00fcleme i\u015flemi de olduk\u00e7a kolayd\u0131r.<\/li>\n<li><\/li>\n<\/ul>\n","protected":false},"excerpt":{"rendered":"<ul>\n<li>83 tel 210 tc 40\/1 compact penye<\/li>\n<li>240 cm en<\/li>\n<li>\u00dcr\u00fcn kodu 234644<\/li>\n<\/ul>\n","protected":false},"featured_media":1281,"comment_status":"open","ping_status":"closed","template":"","meta":[],"product_cat":[27],"product_tag":[],"yoast_head":"<!-- This site is optimized with the Yoast SEO plugin v21.7 - https:\/\/yoast.com\/wordpress\/plugins\/seo\/ -->\n<title>Deco Milano Pamuk Saten - emintekstil.com.tr<\/title>\n<meta name=\"robots\" content=\"index, follow, max-snippet:-1, max-image-preview:large, max-video-preview:-1\" \/>\n<link rel=\"canonical\" href=\"https:\/\/emintekstil.com.tr\/index.php\/urun\/deco-milano-pamuk-saten-12\/\" \/>\n<meta property=\"og:locale\" content=\"tr_TR\" \/>\n<meta property=\"og:type\" content=\"article\" \/>\n<meta property=\"og:title\" content=\"Deco Milano Pamuk Saten - emintekstil.com.tr\" \/>\n<meta property=\"og:description\" content=\"83 tel 210 tc 40\/1 compact penye  240 cm en  \u00dcr\u00fcn kodu 234644\" \/>\n<meta property=\"og:url\" content=\"https:\/\/emintekstil.com.tr\/index.php\/urun\/deco-milano-pamuk-saten-12\/\" \/>\n<meta property=\"og:site_name\" content=\"emintekstil.com.tr\" \/>\n<meta property=\"article:publisher\" content=\"https:\/\/www.facebook.com\/emintkstl\/?locale=tr_TR\" \/>\n<meta property=\"article:modified_time\" content=\"2023-11-09T12:08:54+00:00\" \/>\n<meta property=\"og:image\" content=\"http:\/\/emintekstil.com.tr\/wp-content\/uploads\/2023\/11\/beyazyatak-959x1024.png\" \/>\n\t<meta property=\"og:image:width\" content=\"959\" \/>\n\t<meta property=\"og:image:height\" content=\"1024\" \/>\n\t<meta property=\"og:image:type\" content=\"image\/png\" \/>\n<meta name=\"twitter:card\" content=\"summary_large_image\" \/>\n<meta name=\"twitter:site\" content=\"@emin_tekstil\" \/>\n<meta name=\"twitter:label1\" content=\"Tahmini okuma s\u00fcresi\" \/>\n\t<meta name=\"twitter:data1\" content=\"1 dakika\" \/>\n<script type=\"application\/ld+json\" class=\"yoast-schema-graph\">{\"@context\":\"https:\/\/schema.org\",\"@graph\":[{\"@type\":\"WebPage\",\"@id\":\"https:\/\/emintekstil.com.tr\/index.php\/urun\/deco-milano-pamuk-saten-12\/\",\"url\":\"https:\/\/emintekstil.com.tr\/index.php\/urun\/deco-milano-pamuk-saten-12\/\",\"name\":\"Deco Milano Pamuk Saten - emintekstil.com.tr\",\"isPartOf\":{\"@id\":\"https:\/\/emintekstil.com.tr\/#website\"},\"datePublished\":\"2023-11-09T12:07:45+00:00\",\"dateModified\":\"2023-11-09T12:08:54+00:00\",\"breadcrumb\":{\"@id\":\"https:\/\/emintekstil.com.tr\/index.php\/urun\/deco-milano-pamuk-saten-12\/#breadcrumb\"},\"inLanguage\":\"tr\",\"potentialAction\":[{\"@type\":\"ReadAction\",\"target\":[\"https:\/\/emintekstil.com.tr\/index.php\/urun\/deco-milano-pamuk-saten-12\/\"]}]},{\"@type\":\"BreadcrumbList\",\"@id\":\"https:\/\/emintekstil.com.tr\/index.php\/urun\/deco-milano-pamuk-saten-12\/#breadcrumb\",\"itemListElement\":[{\"@type\":\"ListItem\",\"position\":1,\"name\":\"Anasayfa\",\"item\":\"https:\/\/emintekstil.com.tr\/\"},{\"@type\":\"ListItem\",\"position\":2,\"name\":\"\u00dcr\u00fcnlerimiz\",\"item\":\"https:\/\/emintekstil.com.tr\/index.php\/af275-shop\/\"},{\"@type\":\"ListItem\",\"position\":3,\"name\":\"Deco Milano Pamuk Saten\"}]},{\"@type\":\"WebSite\",\"@id\":\"https:\/\/emintekstil.com.tr\/#website\",\"url\":\"https:\/\/emintekstil.com.tr\/\",\"name\":\"emintekstil.com.tr\",\"description\":\"\",\"publisher\":{\"@id\":\"https:\/\/emintekstil.com.tr\/#organization\"},\"potentialAction\":[{\"@type\":\"SearchAction\",\"target\":{\"@type\":\"EntryPoint\",\"urlTemplate\":\"https:\/\/emintekstil.com.tr\/?s={search_term_string}\"},\"query-input\":\"required name=search_term_string\"}],\"inLanguage\":\"tr\"},{\"@type\":\"Organization\",\"@id\":\"https:\/\/emintekstil.com.tr\/#organization\",\"name\":\"emintekstil.com.tr\",\"url\":\"https:\/\/emintekstil.com.tr\/\",\"logo\":{\"@type\":\"ImageObject\",\"inLanguage\":\"tr\",\"@id\":\"https:\/\/emintekstil.com.tr\/#\/schema\/logo\/image\/\",\"url\":\"https:\/\/emintekstil.com.tr\/wp-content\/uploads\/2023\/08\/cropped-E.Tt_-1-1.png\",\"contentUrl\":\"https:\/\/emintekstil.com.tr\/wp-content\/uploads\/2023\/08\/cropped-E.Tt_-1-1.png\",\"width\":1901,\"height\":651,\"caption\":\"emintekstil.com.tr\"},\"image\":{\"@id\":\"https:\/\/emintekstil.com.tr\/#\/schema\/logo\/image\/\"},\"sameAs\":[\"https:\/\/www.facebook.com\/emintkstl\/?locale=tr_TR\",\"https:\/\/twitter.com\/emin_tekstil\"]}]}<\/script>\n<!-- \/ Yoast SEO plugin. -->","yoast_head_json":{"title":"Deco Milano Pamuk Saten - emintekstil.com.tr","robots":{"index":"index","follow":"follow","max-snippet":"max-snippet:-1","max-image-preview":"max-image-preview:large","max-video-preview":"max-video-preview:-1"},"canonical":"https:\/\/emintekstil.com.tr\/index.php\/urun\/deco-milano-pamuk-saten-12\/","og_locale":"tr_TR","og_type":"article","og_title":"Deco Milano Pamuk Saten - emintekstil.com.tr","og_description":"83 tel 210 tc 40\/1 compact penye  240 cm en  \u00dcr\u00fcn kodu 234644","og_url":"https:\/\/emintekstil.com.tr\/index.php\/urun\/deco-milano-pamuk-saten-12\/","og_site_name":"emintekstil.com.tr","article_publisher":"https:\/\/www.facebook.com\/emintkstl\/?locale=tr_TR","article_modified_time":"2023-11-09T12:08:54+00:00","og_image":[{"width":959,"height":1024,"url":"http:\/\/emintekstil.com.tr\/wp-content\/uploads\/2023\/11\/beyazyatak-959x1024.png","type":"image\/png"}],"twitter_card":"summary_large_image","twitter_site":"@emin_tekstil","twitter_misc":{"Tahmini okuma s\u00fcresi":"1 dakika"},"schema":{"@context":"https:\/\/schema.org","@graph":[{"@type":"WebPage","@id":"https:\/\/emintekstil.com.tr\/index.php\/urun\/deco-milano-pamuk-saten-12\/","url":"https:\/\/emintekstil.com.tr\/index.php\/urun\/deco-milano-pamuk-saten-12\/","name":"Deco Milano Pamuk Saten - emintekstil.com.tr","isPartOf":{"@id":"https:\/\/emintekstil.com.tr\/#website"},"datePublished":"2023-11-09T12:07:45+00:00","dateModified":"2023-11-09T12:08:54+00:00","breadcrumb":{"@id":"https:\/\/emintekstil.com.tr\/index.php\/urun\/deco-milano-pamuk-saten-12\/#breadcrumb"},"inLanguage":"tr","potentialAction":[{"@type":"ReadAction","target":["https:\/\/emintekstil.com.tr\/index.php\/urun\/deco-milano-pamuk-saten-12\/"]}]},{"@type":"BreadcrumbList","@id":"https:\/\/emintekstil.com.tr\/index.php\/urun\/deco-milano-pamuk-saten-12\/#breadcrumb","itemListElement":[{"@type":"ListItem","position":1,"name":"Anasayfa","item":"https:\/\/emintekstil.com.tr\/"},{"@type":"ListItem","position":2,"name":"\u00dcr\u00fcnlerimiz","item":"https:\/\/emintekstil.com.tr\/index.php\/af275-shop\/"},{"@type":"ListItem","position":3,"name":"Deco Milano Pamuk Saten"}]},{"@type":"WebSite","@id":"https:\/\/emintekstil.com.tr\/#website","url":"https:\/\/emintekstil.com.tr\/","name":"emintekstil.com.tr","description":"","publisher":{"@id":"https:\/\/emintekstil.com.tr\/#organization"},"potentialAction":[{"@type":"SearchAction","target":{"@type":"EntryPoint","urlTemplate":"https:\/\/emintekstil.com.tr\/?s={search_term_string}"},"query-input":"required name=search_term_string"}],"inLanguage":"tr"},{"@type":"Organization","@id":"https:\/\/emintekstil.com.tr\/#organization","name":"emintekstil.com.tr","url":"https:\/\/emintekstil.com.tr\/","logo":{"@type":"ImageObject","inLanguage":"tr","@id":"https:\/\/emintekstil.com.tr\/#\/schema\/logo\/image\/","url":"https:\/\/emintekstil.com.tr\/wp-content\/uploads\/2023\/08\/cropped-E.Tt_-1-1.png","contentUrl":"https:\/\/emintekstil.com.tr\/wp-content\/uploads\/2023\/08\/cropped-E.Tt_-1-1.png","width":1901,"height":651,"caption":"emintekstil.com.tr"},"image":{"@id":"https:\/\/emintekstil.com.tr\/#\/schema\/logo\/image\/"},"sameAs":["https:\/\/www.facebook.com\/emintkstl\/?locale=tr_TR","https:\/\/twitter.com\/emin_tekstil"]}]}},"jetpack_sharing_enabled":true,"_links":{"self":[{"href":"https:\/\/emintekstil.com.tr\/index.php\/wp-json\/wp\/v2\/product\/1298"}],"collection":[{"href":"https:\/\/emintekstil.com.tr\/index.php\/wp-json\/wp\/v2\/product"}],"about":[{"href":"https:\/\/emintekstil.com.tr\/index.php\/wp-json\/wp\/v2\/types\/product"}],"replies":[{"embeddable":true,"href":"https:\/\/emintekstil.com.tr\/index.php\/wp-json\/wp\/v2\/comments?post=1298"}],"wp:featuredmedia":[{"embeddable":true,"href":"https:\/\/emintekstil.com.tr\/index.php\/wp-json\/wp\/v2\/media\/1281"}],"wp:attachment":[{"href":"https:\/\/emintekstil.com.tr\/index.php\/wp-json\/wp\/v2\/media?parent=1298"}],"wp:term":[{"taxonomy":"product_cat","embeddable":true,"href":"https:\/\/emintekstil.com.tr\/index.php\/wp-json\/wp\/v2\/product_cat?post=1298"},{"taxonomy":"product_tag","embeddable":true,"href":"https:\/\/emintekstil.com.tr\/index.php\/wp-json\/wp\/v2\/product_tag?post=1298"}],"curies":[{"name":"wp","href":"https:\/\/api.w.org\/{rel}","templated":true}]}}